{"id":18,"date":"2026-02-07T07:29:08","date_gmt":"2026-02-07T06:29:08","guid":{"rendered":"https:\/\/libraires.sitedit.fr\/?page_id=18"},"modified":"2026-04-02T08:08:14","modified_gmt":"2026-04-02T06:08:14","slug":"accueil","status":"publish","type":"page","link":"https:\/\/libraires.sitedit.fr\/","title":{"rendered":"Fichier libraires"},"content":{"rendered":"\n<div data-block-name=\"woocommerce\/single-product\" data-product-id=\"14\" data-wp-context=\"{&quot;productId&quot;:14,&quot;variationId&quot;:null}\" data-wp-interactive=\"woocommerce\/single-product\" class=\"wp-block-woocommerce-single-product woocommerce\">\n<div class=\"wp-block-columns alignfull is-layout-flex wp-container-core-columns-is-layout-28f84493 wp-block-columns-is-layout-flex\">\n<div class=\"wp-block-column is-layout-flow wp-block-column-is-layout-flow\"><div data-block-name=\"woocommerce\/product-image\" data-is-descendent-of-single-product-block=\"true\" data-show-product-link=\"false\" data-show-sale-badge=\"false\" class=\"wc-block-components-product-image wc-block-grid__product-image wc-block-components-product-image--aspect-ratio-auto wp-block-woocommerce-product-image\"><a href=\"#\" onclick=\"return false;\" style=\"pointer-events: none; cursor: default;\" ><img loading=\"lazy\" decoding=\"async\" width=\"600\" height=\"555\" src=\"https:\/\/libraires.sitedit.fr\/wp-content\/uploads\/2026\/02\/books-2596809_1920-600x555.jpg\" class=\"attachment-woocommerce_single size-woocommerce_single\" alt=\"Fichier libraires\" data-testid=\"product-image\" data-image-id=\"16\" style=\"object-fit:cover;\" loading=\"lazy\" srcset=\"https:\/\/libraires.sitedit.fr\/wp-content\/uploads\/2026\/02\/books-2596809_1920-600x555.jpg 600w, https:\/\/libraires.sitedit.fr\/wp-content\/uploads\/2026\/02\/books-2596809_1920-300x277.jpg 300w, https:\/\/libraires.sitedit.fr\/wp-content\/uploads\/2026\/02\/books-2596809_1920-1024x947.jpg 1024w, https:\/\/libraires.sitedit.fr\/wp-content\/uploads\/2026\/02\/books-2596809_1920-768x710.jpg 768w, https:\/\/libraires.sitedit.fr\/wp-content\/uploads\/2026\/02\/books-2596809_1920-1536x1420.jpg 1536w, https:\/\/libraires.sitedit.fr\/wp-content\/uploads\/2026\/02\/books-2596809_1920.jpg 1920w\" sizes=\"auto, (max-width: 600px) 100vw, 600px\" \/><div class=\"wc-block-components-product-image__inner-container\">\n\n<\/div><\/a><\/div><\/div>\n\n\n\n<div class=\"wp-block-column is-layout-flow wp-block-column-is-layout-flow\"><div data-block-name=\"woocommerce\/product-summary\" data-is-descendent-of-single-product-block=\"true\" class=\"wp-block-woocommerce-product-summary\"><div class=\"wc-block-components-product-summary \" style=\"\">\n\t\t\t\t<p>Un fichier de libraires compos\u00e9 de libraires fran\u00e7ais, belges et suisses. Le fichier comporte <strong>2826 adresses emails.<\/strong><br \/>\nNotez bien que le fichier ne comporte que des adresses email.<\/p>\n\n\t\t\t<\/div><\/div>\n\n<div data-block-name=\"woocommerce\/product-price\" data-font-size=\"medium\" data-is-descendent-of-single-product-block=\"true\" data-style=\"{&quot;typography&quot;:{&quot;fontStyle&quot;:&quot;normal&quot;,&quot;fontWeight&quot;:&quot;700&quot;,&quot;letterSpacing&quot;:&quot;1px&quot;}}\" style=\"font-style: normal; font-weight: 700; letter-spacing: 1px; font-style:normal;font-weight:700;letter-spacing:1px;\" class=\"has-font-size has-medium-font-size wp-block-woocommerce-product-price has-medium-font-size\" ><div class=\"wc-block-components-product-price wc-block-grid__product-price\" >\n\t\t\t\t\t<span class=\"woocommerce-Price-amount amount\"><bdi>29,00&nbsp;<span class=\"woocommerce-Price-currencySymbol\">&euro;<\/span><\/bdi><\/span>\n\t\t\t\t<\/div><\/div>\n\n<div data-block-name=\"woocommerce\/add-to-cart-form\" class=\"wp-block-add-to-cart-form wc-block-add-to-cart-form product wc-block-add-to-cart-form--input wp-block-woocommerce-add-to-cart-form\" >\n\t\n\t<form class=\"cart\" action=\"https:\/\/libraires.sitedit.fr\/?rest_route=\/wp\/v2\/pages\/18\" method=\"post\" enctype='multipart\/form-data'>\n\t\t\n\t\t<div class=\"quantity\">\n\t\t<label class=\"screen-reader-text\" for=\"quantity_69dda92a0d25e\">quantit\u00e9 de Fichier libraires<\/label>\n\t<input\n\t\ttype=\"hidden\"\n\t\t\t\tid=\"quantity_69dda92a0d25e\"\n\t\tclass=\"input-text qty text\"\n\t\tname=\"quantity\"\n\t\tvalue=\"1\"\n\t\taria-label=\"Quantit\u00e9 de produits\"\n\t\t\t\tmin=\"1\"\n\t\t\t\t\tmax=\"1\"\n\t\t\t\t\t\t\tstep=\"1\"\n\t\t\tplaceholder=\"\"\n\t\t\tinputmode=\"numeric\"\n\t\t\tautocomplete=\"off\"\n\t\t\t\/>\n\t<\/div>\n<input type=\"hidden\" name=\"reddit_for_woocommerce_event_id\" value=\"\" \/><script>\ndocument.querySelector(\"[name=reddit_for_woocommerce_event_id]\").value = window.crypto.randomUUID()\n<\/script>\n\n\t\t<button type=\"submit\" name=\"add-to-cart\" value=\"14\" class=\"single_add_to_cart_button button alt\">Ajouter au panier<\/button>\n\n\t\t\t<\/form>\n\n\t\n<\/div>\n\n\n<div data-block-name=\"woocommerce\/product-meta\" class=\"wp-block-woocommerce-product-meta\">\n<div class=\"wp-block-group is-nowrap is-layout-flex wp-container-core-group-is-layout-6c531013 wp-block-group-is-layout-flex\"><\/div>\n<\/div>\n<\/div>\n<\/div>\n<\/div>\n\n\n\n<p>Je travaille depuis plus de 25 ans aux c\u00f4t\u00e9s des \u00e9diteurs et des acteurs du monde du livre.<br>Mon m\u00e9tier n\u2019est pas seulement de cr\u00e9er des sites internet, mais de concevoir&nbsp;<strong>des outils web pens\u00e9s pour les r\u00e9alit\u00e9s de l\u2019\u00e9dition<\/strong>.<\/p>\n\n\n\n<p>J&rsquo;ai constitu\u00e9 ce fichier au fils des ann\u00e9es et je l&rsquo;ai v\u00e9rifi\u00e9 il y a quelques semaines.<\/p>\n\n\n\n<div class=\"wp-block-buttons is-layout-flex wp-block-buttons-is-layout-flex\">\n<div class=\"wp-block-button\"><a class=\"wp-block-button__link wp-element-button\" href=\"http:\/\/www.sitedit.fr\" target=\"_blank\" rel=\"noreferrer noopener\">D\u00e9couvrir Sitedit et nos services<\/a><\/div>\n<\/div>\n\n\n\n<p><\/p>\n","protected":false},"excerpt":{"rendered":"<p>Je travaille depuis plus de 25 ans aux c\u00f4t\u00e9s des \u00e9diteurs et des acteurs du monde du livre.Mon m\u00e9tier n\u2019est pas seulement de cr\u00e9er des sites internet, mais de concevoir&nbsp;des outils web pens\u00e9s pour les r\u00e9alit\u00e9s de l\u2019\u00e9dition. J&rsquo;ai constitu\u00e9 ce fichier au fils des ann\u00e9es et je l&rsquo;ai v\u00e9rifi\u00e9 il y a quelques semaines.<\/p>\n","protected":false},"author":1,"featured_media":0,"parent":0,"menu_order":0,"comment_status":"closed","ping_status":"closed","template":"","meta":{"footnotes":""},"class_list":["post-18","page","type-page","status-publish","hentry"],"_links":{"self":[{"href":"https:\/\/libraires.sitedit.fr\/index.php?rest_route=\/wp\/v2\/pages\/18","targetHints":{"allow":["GET"]}}],"collection":[{"href":"https:\/\/libraires.sitedit.fr\/index.php?rest_route=\/wp\/v2\/pages"}],"about":[{"href":"https:\/\/libraires.sitedit.fr\/index.php?rest_route=\/wp\/v2\/types\/page"}],"author":[{"embeddable":true,"href":"https:\/\/libraires.sitedit.fr\/index.php?rest_route=\/wp\/v2\/users\/1"}],"replies":[{"embeddable":true,"href":"https:\/\/libraires.sitedit.fr\/index.php?rest_route=%2Fwp%2Fv2%2Fcomments&post=18"}],"version-history":[{"count":10,"href":"https:\/\/libraires.sitedit.fr\/index.php?rest_route=\/wp\/v2\/pages\/18\/revisions"}],"predecessor-version":[{"id":68,"href":"https:\/\/libraires.sitedit.fr\/index.php?rest_route=\/wp\/v2\/pages\/18\/revisions\/68"}],"wp:attachment":[{"href":"https:\/\/libraires.sitedit.fr\/index.php?rest_route=%2Fwp%2Fv2%2Fmedia&parent=18"}],"curies":[{"name":"wp","href":"https:\/\/api.w.org\/{rel}","templated":true}]}}